{"id":14030,"date":"2018-07-25T18:05:57","date_gmt":"2018-07-25T16:05:57","guid":{"rendered":"https:\/\/www.onkologie-luebeck.de\/page\/?page_id=14030"},"modified":"2025-06-27T10:14:19","modified_gmt":"2025-06-27T08:14:19","slug":"anmeldung","status":"publish","type":"page","link":"https:\/\/www.onkologie-luebeck.de\/page\/anmeldung\/","title":{"rendered":"Anmeldung"},"content":{"rendered":"<div id=\"cmsmasters_row_iyazhevbp6\" class=\"cmsmasters_row cmsmasters_color_scheme_default cmsmasters_row_top_default cmsmasters_row_bot_default cmsmasters_row_boxed\">\n<div class=\"cmsmasters_row_outer_parent\">\n<div class=\"cmsmasters_row_outer\">\n<div class=\"cmsmasters_row_inner\">\n<div class=\"cmsmasters_row_margin\">\n<div id=\"cmsmasters_column_wey5zf6mv2\" class=\"cmsmasters_column one_first\">\n<div class=\"cmsmasters_column_inner\"><div class=\"cmsmasters_img  cmsmasters_image_n\"><img src=\"https:\/\/www.onkologie-luebeck.de\/page\/wp-content\/uploads\/2018\/07\/Gruppenbild_v01_Onkologie-L\u00fcbeck_0319.jpg.jpg\" \/><\/div><div id=\"cmsmasters_heading_5o9fvo2abc\" class=\"cmsmasters_heading_wrap cmsmasters_heading_align_left\">\n\t<h2 class=\"cmsmasters_heading\">Anmeldung<\/h2>\n<\/div><div class=\"cmsmasters_text\">\n<p>Das Entree der Praxis. Licht, weit, offen und ansprechend.<\/p>\n<p>Hier haben sie ihren ersten Kontakt mit uns. Wir w\u00fcrden Sie freundlichst bitten, ihren \u00dcberweisungsschein und m\u00f6glichst viele Befunde mitzubringen, damit wir uns einen umfassenden Eindruck \u00fcber ihre Erkrankung machen k\u00f6nnen. Bitte erscheinen sie rechtzeitig zum Termin, damit auch die nachfolgenden Patienten keine Zeitverz\u00f6gerung haben. Haben sie bitte ihre Chipkarte dabei.<\/p>\n<p>Wenn die Anmeldeformalit\u00e4ten erledigt sind, nehmen sie einen Augenblick im Wartezimmer platz. W\u00e4hrend dieser Zeit bitten wir sie, einen Anamnesebogen auszuf\u00fcllen, der unsere Information \u00fcber sie und ihre medizinische Vorgeschichte bereichert.<\/p>\n<p>Die Anmeldung schlie\u00dft auch den Arztbesuch ab. Denn nach dem Gespr\u00e4ch bzw. der Therapie werden hier die notwendigen Rezepte und \u00dcberweisungsscheine erstellt. Es werden auch Telefonate durchgef\u00fchrt, um Termine f\u00fcr weitere Untersuchungen festzumachen.<\/p>\n<p>&nbsp;<\/p>\n<p>&nbsp;<\/p>\n<\/div>\n<\/div><\/div>\n<\/div>\n<\/div>\n<\/div>\n<\/div>\n<\/div>\n\n","protected":false},"excerpt":{"rendered":"","protected":false},"author":1,"featured_media":0,"parent":0,"menu_order":0,"comment_status":"closed","ping_status":"closed","template":"","meta":[],"_links":{"self":[{"href":"https:\/\/www.onkologie-luebeck.de\/page\/wp-json\/wp\/v2\/pages\/14030"}],"collection":[{"href":"https:\/\/www.onkologie-luebeck.de\/page\/wp-json\/wp\/v2\/pages"}],"about":[{"href":"https:\/\/www.onkologie-luebeck.de\/page\/wp-json\/wp\/v2\/types\/page"}],"author":[{"embeddable":true,"href":"https:\/\/www.onkologie-luebeck.de\/page\/wp-json\/wp\/v2\/users\/1"}],"replies":[{"embeddable":true,"href":"https:\/\/www.onkologie-luebeck.de\/page\/wp-json\/wp\/v2\/comments?post=14030"}],"version-history":[{"count":6,"href":"https:\/\/www.onkologie-luebeck.de\/page\/wp-json\/wp\/v2\/pages\/14030\/revisions"}],"predecessor-version":[{"id":14226,"href":"https:\/\/www.onkologie-luebeck.de\/page\/wp-json\/wp\/v2\/pages\/14030\/revisions\/14226"}],"wp:attachment":[{"href":"https:\/\/www.onkologie-luebeck.de\/page\/wp-json\/wp\/v2\/media?parent=14030"}],"curies":[{"name":"wp","href":"https:\/\/api.w.org\/{rel}","templated":true}]}}