{"id":13851,"date":"2018-07-17T12:48:43","date_gmt":"2018-07-17T10:48:43","guid":{"rendered":"http:\/\/www.onkologie-luebeck.de\/page\/?page_id=13851"},"modified":"2024-01-29T10:53:43","modified_gmt":"2024-01-29T09:53:43","slug":"studiensekretariat","status":"publish","type":"page","link":"https:\/\/www.onkologie-luebeck.de\/page\/studiensekretariat\/","title":{"rendered":"Studiensekretariat"},"content":{"rendered":"<div id=\"cmsmasters_row_iyazhevbp6\" class=\"cmsmasters_row cmsmasters_color_scheme_default cmsmasters_row_top_default cmsmasters_row_bot_default cmsmasters_row_boxed\">\n<div class=\"cmsmasters_row_outer_parent\">\n<div class=\"cmsmasters_row_outer\">\n<div class=\"cmsmasters_row_inner\">\n<div class=\"cmsmasters_row_margin\">\n<div id=\"cmsmasters_column_wey5zf6mv2\" class=\"cmsmasters_column one_first\">\n<div class=\"cmsmasters_column_inner\"><div id=\"cmsmasters_heading_5o9fvo2abc\" class=\"cmsmasters_heading_wrap cmsmasters_heading_align_left\">\n\t<h2 class=\"cmsmasters_heading\">Koordination des Studienzentrums<\/h2>\n<\/div><div class=\"cmsmasters_text\">\n<p>Die L\u00fcbecker Onkologische Schwerpunktpraxis und ihre Zweigpraxen in Bad Segeberg, Neustadt und Ratzeburg nehmen regelm\u00e4\u00dfig an Medikamentenstudien teil. Die Studien unterliegen strengsten Qualit\u00e4tskriterien. Durch die Studien haben die Patienten Zugang zu Medikamenten, die noch nicht am Markt verf\u00fcgbar sind. Die Teilnahme an einer Studie ist f\u00fcr die Patienten selbstverst\u00e4ndlich immer freiwillig.<\/p>\n<p>Damit die zahlreichen Studien optimal koordiniert werden k\u00f6nnen, wurde ein Studienzentrum eingerichtet. Als Studienkoordinatorinnen sind Frau Verena Ebens-Cichon und Frau Ann-Sofie Blisse f\u00fcr die internen Abl\u00e4ufe rund um die Studien, wie z.B. f\u00fcr die Abstimmung der Termine und die Dokumentation mit den Auftraggebern der Studien zust\u00e4ndig.<\/p>\n<p>Neben den organisatorischen T\u00e4tigkeiten stehen Frau Ebens-Cichon und Frau Ann-Sofie Blisse Ihnen gerne bei Fragen und Informationen bez\u00fcglich der durchgef\u00fchrten Studien als Ansprechpartnerin zur Verf\u00fcgung.<\/p>\n<p>Mehr \u00fcber das <a title=\"Studienzentrum\" href=\"http:\/\/www.onkologie-luebeck.de\/page\/studienzentrum\/\"><em>Studienzentrum<\/em><\/a>, die Studien und Ihre Vorteile finden Sie hier.<\/p>\n<\/div>\n<\/div><\/div>\n<\/div>\n<\/div>\n<\/div>\n<\/div>\n<\/div>\n\n","protected":false},"excerpt":{"rendered":"","protected":false},"author":1,"featured_media":0,"parent":0,"menu_order":0,"comment_status":"closed","ping_status":"closed","template":"","meta":[],"_links":{"self":[{"href":"https:\/\/www.onkologie-luebeck.de\/page\/wp-json\/wp\/v2\/pages\/13851"}],"collection":[{"href":"https:\/\/www.onkologie-luebeck.de\/page\/wp-json\/wp\/v2\/pages"}],"about":[{"href":"https:\/\/www.onkologie-luebeck.de\/page\/wp-json\/wp\/v2\/types\/page"}],"author":[{"embeddable":true,"href":"https:\/\/www.onkologie-luebeck.de\/page\/wp-json\/wp\/v2\/users\/1"}],"replies":[{"embeddable":true,"href":"https:\/\/www.onkologie-luebeck.de\/page\/wp-json\/wp\/v2\/comments?post=13851"}],"version-history":[{"count":6,"href":"https:\/\/www.onkologie-luebeck.de\/page\/wp-json\/wp\/v2\/pages\/13851\/revisions"}],"predecessor-version":[{"id":14135,"href":"https:\/\/www.onkologie-luebeck.de\/page\/wp-json\/wp\/v2\/pages\/13851\/revisions\/14135"}],"wp:attachment":[{"href":"https:\/\/www.onkologie-luebeck.de\/page\/wp-json\/wp\/v2\/media?parent=13851"}],"curies":[{"name":"wp","href":"https:\/\/api.w.org\/{rel}","templated":true}]}}