{"id":13847,"date":"2018-07-17T12:45:01","date_gmt":"2018-07-17T10:45:01","guid":{"rendered":"http:\/\/www.onkologie-luebeck.de\/page\/?page_id=13847"},"modified":"2018-08-06T16:34:03","modified_gmt":"2018-08-06T14:34:03","slug":"therapieteam","status":"publish","type":"page","link":"https:\/\/www.onkologie-luebeck.de\/page\/therapieteam\/","title":{"rendered":"Therapieteam"},"content":{"rendered":"<div id=\"cmsmasters_row_8410a19b23\" class=\"cmsmasters_row cmsmasters_color_scheme_default cmsmasters_row_top_default cmsmasters_row_bot_default cmsmasters_row_boxed\">\n<div class=\"cmsmasters_row_outer_parent\">\n<div class=\"cmsmasters_row_outer\">\n<div class=\"cmsmasters_row_inner\">\n<div class=\"cmsmasters_row_margin\">\n<div id=\"cmsmasters_column_\" class=\"cmsmasters_column one_first\">\n<div class=\"cmsmasters_column_inner\"><div class=\"cmsmasters_img  cmsmasters_image_n\"><img src=\"https:\/\/www.onkologie-luebeck.de\/page\/wp-content\/uploads\/2018\/07\/Gruppenbild_v01_Onkologie-L\u00fcbeck_0294.jpg.jpg\" \/><\/div>\n<\/div><\/div>\n<\/div>\n<\/div>\n<\/div>\n<\/div>\n<\/div>\n<div id=\"cmsmasters_row_iyazhevbp6\" class=\"cmsmasters_row cmsmasters_color_scheme_default cmsmasters_row_top_default cmsmasters_row_bot_default cmsmasters_row_boxed\">\n<div class=\"cmsmasters_row_outer_parent\">\n<div class=\"cmsmasters_row_outer\">\n<div class=\"cmsmasters_row_inner\">\n<div class=\"cmsmasters_row_margin\">\n<div id=\"cmsmasters_column_wey5zf6mv2\" class=\"cmsmasters_column one_first\">\n<div class=\"cmsmasters_column_inner\"><div id=\"cmsmasters_heading_5o9fvo2abc\" class=\"cmsmasters_heading_wrap cmsmasters_heading_align_left\">\n\t<h2 class=\"cmsmasters_heading\">Therapieteam<\/h2>\n<\/div><div class=\"cmsmasters_text\">\n<p>Das Therapieteam besteht aus ausgebildeten Arzthelferinnen und Krankenschwestern mit spezieller Weiterbildung im Bereich Onkologie.<\/p>\n<p>Die Krebstherapie so angenehm wie m\u00f6glich f\u00fcr Sie zu gestalten, ist unser Ziel. Die Mitarbeiterinnen des Teams sind jederzeit Ihr Ansprechpartner. Vor der Behandlung, w\u00e4hrend dieser und danach.<\/p>\n<p>Sie erhalten gerne unsere Unterst\u00fctzung. Da eine enge Absprache mit Ihrem behandelnden Arzt erfolgt, wird er von Ihren Anliegen erfahren und Sie m\u00fcssen sich um nichts k\u00fcmmern.<\/p>\n<p>In der Ausbildung haben die Mitarbeiterinnen gelernt sich speziell auf die Patienten w\u00e4hrend einer onkologischen Therapie einzustellen. Das Team besteht seit mehreren Jahren und hat ein hohes Ma\u00df an Erfahrung.<\/p>\n<p>Das Team besteht (von links)<\/p>\n<ul>\n<li>Britta Marohn<\/li>\n<li>Annika Nielsen<\/li>\n<li>Laura Ratzeburg<\/li>\n<li>Sigrid Kappe<\/li>\n<li>Petra Kruck-Liese<\/li>\n<li>Sylvia Warnick<\/li>\n<li>Tabea Garbers<\/li>\n<li>Jasmin Laugsch<\/li>\n<li>Carolin Hoffmann (nicht im Bild)<\/li>\n<li>Katharina Westphal\u00a0(nicht im Bild)<\/li>\n<li>Anna\u00a0 Maria D\u00fcsterh\u00f6ft\u00a0(nicht im Bild)<\/li>\n<\/ul>\n<p>Sie k\u00f6nnen uns jederzeit \u00fcber die L\u00fcbecker Onkologische Schwerpunktpraxis erreichen.<\/p>\n<\/div>\n<\/div><\/div>\n<\/div>\n<\/div>\n<\/div>\n<\/div>\n<\/div>\n\n","protected":false},"excerpt":{"rendered":"","protected":false},"author":1,"featured_media":0,"parent":0,"menu_order":0,"comment_status":"closed","ping_status":"closed","template":"","meta":[],"_links":{"self":[{"href":"https:\/\/www.onkologie-luebeck.de\/page\/wp-json\/wp\/v2\/pages\/13847"}],"collection":[{"href":"https:\/\/www.onkologie-luebeck.de\/page\/wp-json\/wp\/v2\/pages"}],"about":[{"href":"https:\/\/www.onkologie-luebeck.de\/page\/wp-json\/wp\/v2\/types\/page"}],"author":[{"embeddable":true,"href":"https:\/\/www.onkologie-luebeck.de\/page\/wp-json\/wp\/v2\/users\/1"}],"replies":[{"embeddable":true,"href":"https:\/\/www.onkologie-luebeck.de\/page\/wp-json\/wp\/v2\/comments?post=13847"}],"version-history":[{"count":3,"href":"https:\/\/www.onkologie-luebeck.de\/page\/wp-json\/wp\/v2\/pages\/13847\/revisions"}],"predecessor-version":[{"id":14051,"href":"https:\/\/www.onkologie-luebeck.de\/page\/wp-json\/wp\/v2\/pages\/13847\/revisions\/14051"}],"wp:attachment":[{"href":"https:\/\/www.onkologie-luebeck.de\/page\/wp-json\/wp\/v2\/media?parent=13847"}],"curies":[{"name":"wp","href":"https:\/\/api.w.org\/{rel}","templated":true}]}}