{"id":13843,"date":"2018-07-17T00:07:55","date_gmt":"2018-07-16T22:07:55","guid":{"rendered":"http:\/\/www.onkologie-luebeck.de\/page\/?page_id=13843"},"modified":"2026-02-04T15:36:15","modified_gmt":"2026-02-04T14:36:15","slug":"praxismanagement","status":"publish","type":"page","link":"https:\/\/www.onkologie-luebeck.de\/page\/praxismanagement\/","title":{"rendered":"Praxismanagement"},"content":{"rendered":"<div id=\"cmsmasters_row_8410a19b23\" class=\"cmsmasters_row cmsmasters_color_scheme_default cmsmasters_row_top_default cmsmasters_row_bot_default cmsmasters_row_boxed\">\n<div class=\"cmsmasters_row_outer_parent\">\n<div class=\"cmsmasters_row_outer\">\n<div class=\"cmsmasters_row_inner\">\n<div class=\"cmsmasters_row_margin\">\n<div id=\"cmsmasters_column_\" class=\"cmsmasters_column one_first\">\n<div class=\"cmsmasters_column_inner\"><div class=\"cmsmasters_img  cmsmasters_image_n\"><img src=\"https:\/\/www.onkologie-luebeck.de\/page\/wp-content\/uploads\/2026\/02\/praxismanagement_2026.png\" \/><\/div>\n<\/div><\/div>\n<\/div>\n<\/div>\n<\/div>\n<\/div>\n<\/div>\n<div id=\"cmsmasters_row_iyazhevbp6\" class=\"cmsmasters_row cmsmasters_color_scheme_default cmsmasters_row_top_default cmsmasters_row_bot_default cmsmasters_row_boxed\">\n<div class=\"cmsmasters_row_outer_parent\">\n<div class=\"cmsmasters_row_outer\">\n<div class=\"cmsmasters_row_inner\">\n<div class=\"cmsmasters_row_margin\">\n<div id=\"cmsmasters_column_wey5zf6mv2\" class=\"cmsmasters_column one_first\">\n<div class=\"cmsmasters_column_inner\"><div id=\"cmsmasters_heading_5o9fvo2abc\" class=\"cmsmasters_heading_wrap cmsmasters_heading_align_left\">\n\t<h2 class=\"cmsmasters_heading\">Praxismanagement<\/h2>\n<\/div><div class=\"cmsmasters_text\">\n<div class=\"ce_text block\">\n<p>Das Praxisleitungsteam ist die \u201erechte Hand\u201c der \u00c4rzte. Hier laufen alle F\u00e4den zusammen, denn eine gut durchdachte Organisation ist f\u00fcr einen reibungslosen Ablauf unabdingbar. Im Arbeitsalltag ist somit ein ruhiges und stressreduziertes Arbeiten gew\u00e4hrleistet.<\/p>\n<p>F\u00fcr die Abrechnung und das Controlling ist die Praxisleitung ebenfalls zust\u00e4ndig.<\/p>\n<p>Auch die Koordination von Mitarbeiterschulungen und Pr\u00e4ventionsma\u00dfnahmen werden durch das Praxisleitungsteam gesteuert.<\/p>\n<h1><strong>Das Praxisleitungsteam in der \u00dcbersicht:<\/strong><\/h1>\n<\/div>\n<div class=\"ce_text block\">\n<h3>Praxismanagerin\/Praxisleitungsteam<\/h3>\n<p>Frau Janina Fiergolla ist die Praxismanagerin unserer Schwerpunktpraxis, zusammen mit Frau Sabine Pump und Frau Carolin Hoffmann bilden sie das Praxisleitungsteam und koordinieren das gesamte Team und sind Ansprechpartnerinnen f\u00fcr alle Mitarbeitenden.<\/p>\n<\/div>\n<div class=\"ce_text block\">\n<h3>Qualit\u00e4tsmanagement<\/h3>\n<p>Als Qualit\u00e4tsmanagerinnen sind Frau Janina Fiergolla und Frau Sabine Pump f\u00fcr die Prozesse und Abl\u00e4ufe in unserer Praxis zust\u00e4ndig.<\/p>\n<\/div>\n<div class=\"ce_text block\">\n<h3>Sekretariat<\/h3>\n<p>Frau Sabine Pump erledigt alle anstehenden B\u00fcro- und Verwaltungsarbeiten und die anfallende Korrespondenz unserer \u00c4rzte.<\/p>\n<\/div>\n<div class=\"ce_text block\">\n<h3>Studienkoordinatorin<\/h3>\n<p>Frau Verena Ebens-Cichon\/Frau Ann-Sofie Blisse sind als Koordinatorinnen unseres Studienzentrums f\u00fcr die internen Abl\u00e4ufe zust\u00e4ndig. Au\u00dferdem sind sie im Rahmen der durchgef\u00fchrten Studien Ansprechpartnerinnen f\u00fcr die Patienten.<\/p>\n<\/div>\n<div class=\"ce_text block\">\n<h3>Telefon-Service<\/h3>\n<p>Frau Jacqueline Wendorf ist verantwortlich f\u00fcr den ersten telefonischen Kontakt. Sie wird durch ihr \u00e4u\u00dferst freundliches und entgegenkommendes Wesen versuchen, jedem Anrufer seine W\u00fcnsche zu erf\u00fcllen, insbesondere sorgt sie daf\u00fcr, dass jeder Patient einen raschen Termin in unserer Praxis erh\u00e4lt.<\/p>\n<\/div>\n<\/div>\n<\/div><\/div>\n<\/div>\n<\/div>\n<\/div>\n<\/div>\n<\/div>\n\n","protected":false},"excerpt":{"rendered":"","protected":false},"author":1,"featured_media":0,"parent":0,"menu_order":0,"comment_status":"closed","ping_status":"closed","template":"","meta":[],"_links":{"self":[{"href":"https:\/\/www.onkologie-luebeck.de\/page\/wp-json\/wp\/v2\/pages\/13843"}],"collection":[{"href":"https:\/\/www.onkologie-luebeck.de\/page\/wp-json\/wp\/v2\/pages"}],"about":[{"href":"https:\/\/www.onkologie-luebeck.de\/page\/wp-json\/wp\/v2\/types\/page"}],"author":[{"embeddable":true,"href":"https:\/\/www.onkologie-luebeck.de\/page\/wp-json\/wp\/v2\/users\/1"}],"replies":[{"embeddable":true,"href":"https:\/\/www.onkologie-luebeck.de\/page\/wp-json\/wp\/v2\/comments?post=13843"}],"version-history":[{"count":13,"href":"https:\/\/www.onkologie-luebeck.de\/page\/wp-json\/wp\/v2\/pages\/13843\/revisions"}],"predecessor-version":[{"id":14300,"href":"https:\/\/www.onkologie-luebeck.de\/page\/wp-json\/wp\/v2\/pages\/13843\/revisions\/14300"}],"wp:attachment":[{"href":"https:\/\/www.onkologie-luebeck.de\/page\/wp-json\/wp\/v2\/media?parent=13843"}],"curies":[{"name":"wp","href":"https:\/\/api.w.org\/{rel}","templated":true}]}}