{"id":13648,"date":"2018-07-13T16:53:49","date_gmt":"2018-07-13T14:53:49","guid":{"rendered":"http:\/\/www.onkologie-luebeck.de\/page\/?page_id=13648"},"modified":"2018-07-24T15:20:19","modified_gmt":"2018-07-24T13:20:19","slug":"dr-med-dirk-uthgenannt","status":"publish","type":"page","link":"https:\/\/www.onkologie-luebeck.de\/page\/dr-med-dirk-uthgenannt\/","title":{"rendered":"Dr. med. Dirk Uthgenannt"},"content":{"rendered":"<div id=\"cmsmasters_row_8410a19b23\" class=\"cmsmasters_row cmsmasters_color_scheme_default cmsmasters_row_top_default cmsmasters_row_bot_default cmsmasters_row_boxed\">\n<div class=\"cmsmasters_row_outer_parent\">\n<div class=\"cmsmasters_row_outer\">\n<div class=\"cmsmasters_row_inner\">\n<div class=\"cmsmasters_row_margin\">\n<div id=\"cmsmasters_column_\" class=\"cmsmasters_column one_first\">\n<div class=\"cmsmasters_column_inner\"><div class=\"cmsmasters_img  cmsmasters_image_n\"><img src=\"https:\/\/www.onkologie-luebeck.de\/page\/wp-content\/uploads\/2016\/01\/dr-dirk-uthgenannt-profil-details.jpg\" \/><\/div>\n<\/div><\/div>\n<\/div>\n<\/div>\n<\/div>\n<\/div>\n<\/div>\n<div id=\"cmsmasters_row_iyazhevbp6\" class=\"cmsmasters_row cmsmasters_color_scheme_default cmsmasters_row_top_default cmsmasters_row_bot_default cmsmasters_row_boxed\">\n<div class=\"cmsmasters_row_outer_parent\">\n<div class=\"cmsmasters_row_outer\">\n<div class=\"cmsmasters_row_inner\">\n<div class=\"cmsmasters_row_margin\">\n<div id=\"cmsmasters_column_wey5zf6mv2\" class=\"cmsmasters_column one_first\">\n<div class=\"cmsmasters_column_inner\"><div id=\"cmsmasters_heading_5o9fvo2abc\" class=\"cmsmasters_heading_wrap cmsmasters_heading_align_left\">\n\t<h2 class=\"cmsmasters_heading\">Portrait Dr. med. Dirk Uthgenannt<\/h2>\n<\/div><div class=\"cmsmasters_text\">\n<h3>Mitgliedschaften<\/h3>\n<h6 style=\"text-align: left; padding-left: 30px;\">Deutsche Gesellschaften<br \/>\n<div id=\"cmsmasters_divider_n2yvz9nvlr\" class=\"cmsmasters_divider cmsmasters_divider_width_medium cmsmasters_divider_pos_left\"><\/div><br \/>\nAIO (Arbeitsgemeinschaft Internistische Onkologie)<br \/>\nDGHO (Deutsche Gesellschaft f\u00fcr H\u00e4matologie und Onkologie)<br \/>\nDKG (Deutsche Krebsgesellschaft)<br \/>\nBNHO (Berufsverband der niedergelassenen H\u00e4matologen und Onkologen)<\/h6>\n<h6><\/h6>\n<h6><\/h6>\n<h6 style=\"padding-left: 30px;\"><\/h6>\n<\/div>\n<\/div><\/div>\n<\/div>\n<\/div>\n<\/div>\n<\/div>\n<\/div>\n<div id=\"cmsmasters_row_1kgsydck8f\" class=\"cmsmasters_row cmsmasters_color_scheme_default cmsmasters_row_top_default cmsmasters_row_bot_default cmsmasters_row_boxed\">\n<div class=\"cmsmasters_row_outer_parent\">\n<div class=\"cmsmasters_row_outer\">\n<div class=\"cmsmasters_row_inner\">\n<div class=\"cmsmasters_row_margin\">\n<div id=\"cmsmasters_column_m3nxgcexu8\" class=\"cmsmasters_column one_first\">\n<div class=\"cmsmasters_column_inner\"><div class=\"cmsmasters_text\">\n<h6 style=\"padding-left: 30px;\">Amerikanische Gesellschaften<br \/>\n<div id=\"cmsmasters_divider_81k2icc9\" class=\"cmsmasters_divider cmsmasters_divider_width_medium cmsmasters_divider_pos_left\"><\/div><br \/>\nASCO (Amerikanische Krebs-Gesellschaft)<\/h6>\n<\/div>\n<\/div><\/div>\n<\/div>\n<\/div>\n<\/div>\n<\/div>\n<\/div>\n<div id=\"cmsmasters_row_he09nzs2t\" class=\"cmsmasters_row cmsmasters_color_scheme_default cmsmasters_row_top_default cmsmasters_row_bot_default cmsmasters_row_boxed\">\n<div class=\"cmsmasters_row_outer_parent\">\n<div class=\"cmsmasters_row_outer\">\n<div class=\"cmsmasters_row_inner\">\n<div class=\"cmsmasters_row_margin\">\n<div id=\"cmsmasters_column_tgr6klh0ii\" class=\"cmsmasters_column one_first\">\n<div class=\"cmsmasters_column_inner\"><div class=\"cmsmasters_text\">\n<h3>Fremdsprachen<\/h3>\n<h6 style=\"padding-left: 30px;\">Englisch<\/h6>\n<\/div>\n<\/div><\/div>\n<\/div>\n<\/div>\n<\/div>\n<\/div>\n<\/div>\n<div id=\"cmsmasters_row_t60inxb52\" class=\"cmsmasters_row cmsmasters_color_scheme_default cmsmasters_row_top_default cmsmasters_row_bot_default cmsmasters_row_boxed\">\n<div class=\"cmsmasters_row_outer_parent\">\n<div class=\"cmsmasters_row_outer\">\n<div class=\"cmsmasters_row_inner\">\n<div class=\"cmsmasters_row_margin\">\n<div id=\"cmsmasters_column_brbj8vuuev\" class=\"cmsmasters_column one_first\">\n<div class=\"cmsmasters_column_inner\"><div class=\"cmsmasters_text\">\n<h3>Ausbildung und Studium<\/h3>\n<h6 style=\"padding-left: 30px;\">Schulausbildung: Abitur 1980, Katharineum, L\u00fcbeck<br \/>\nHochschulausbildung: Studium der Humanmedizin in Kiel<br \/>\nApprobation: 1990<br \/>\nPromotion: 1991 im Bereich Innere Medizin<\/h6>\n<\/div>\n<\/div><\/div>\n<\/div>\n<\/div>\n<\/div>\n<\/div>\n<\/div>\n<div id=\"cmsmasters_row_5tcnra7xk9\" class=\"cmsmasters_row cmsmasters_color_scheme_default cmsmasters_row_top_default cmsmasters_row_bot_default cmsmasters_row_boxed\">\n<div class=\"cmsmasters_row_outer_parent\">\n<div class=\"cmsmasters_row_outer\">\n<div class=\"cmsmasters_row_inner\">\n<div class=\"cmsmasters_row_margin\">\n<div id=\"cmsmasters_column_xt3labgq6q\" class=\"cmsmasters_column one_first\">\n<div class=\"cmsmasters_column_inner\"><div class=\"cmsmasters_text\">\n<h3>Klinischer Werdegang<\/h3>\n<h6 style=\"padding-left: 30px;\">1989-1990 \u201eArzt im Praktikum\u201c an der Medizinischen Universit\u00e4t zu L\u00fcbeck, Medizin I<br \/>\n1990-1997 Assistenzarzt an der Medizinischen Universit\u00e4t zu L\u00fcbeck, Medizin I<br \/>\nSeit 1997 Facharzt Innere Medizin<br \/>\n1997-2000 Klinische T\u00e4tigkeit als Facharzt an der Medizinischen Universit\u00e4t zu L\u00fcbeck, Medizin I<br \/>\nSeit 2000 Facharzt f\u00fcr H\u00e4matologie\/Internistische Onkologie<br \/>\nSeit 2001 Niederlassung als H\u00e4matologe\/Internistischer Onkologe in der Osterweide 10, L\u00fcbeck<br \/>\n2004 ESMO-Examen (European Society for Medical Oncology)<br \/>\nSeit 2004 Gemeinschaftspraxis<br \/>\nSeit 2008 Verlegung der Gemeinschaftspraxis in den Hochschulstadtteil, L\u00fcbeck<br \/>\n2009 Erneuerung ESMO-Examen<\/h6>\n<\/div>\n<\/div><\/div>\n<\/div>\n<\/div>\n<\/div>\n<\/div>\n<\/div>\n\n","protected":false},"excerpt":{"rendered":"","protected":false},"author":1,"featured_media":0,"parent":0,"menu_order":0,"comment_status":"closed","ping_status":"closed","template":"","meta":[],"_links":{"self":[{"href":"https:\/\/www.onkologie-luebeck.de\/page\/wp-json\/wp\/v2\/pages\/13648"}],"collection":[{"href":"https:\/\/www.onkologie-luebeck.de\/page\/wp-json\/wp\/v2\/pages"}],"about":[{"href":"https:\/\/www.onkologie-luebeck.de\/page\/wp-json\/wp\/v2\/types\/page"}],"author":[{"embeddable":true,"href":"https:\/\/www.onkologie-luebeck.de\/page\/wp-json\/wp\/v2\/users\/1"}],"replies":[{"embeddable":true,"href":"https:\/\/www.onkologie-luebeck.de\/page\/wp-json\/wp\/v2\/comments?post=13648"}],"version-history":[{"count":29,"href":"https:\/\/www.onkologie-luebeck.de\/page\/wp-json\/wp\/v2\/pages\/13648\/revisions"}],"predecessor-version":[{"id":14028,"href":"https:\/\/www.onkologie-luebeck.de\/page\/wp-json\/wp\/v2\/pages\/13648\/revisions\/14028"}],"wp:attachment":[{"href":"https:\/\/www.onkologie-luebeck.de\/page\/wp-json\/wp\/v2\/media?parent=13648"}],"curies":[{"name":"wp","href":"https:\/\/api.w.org\/{rel}","templated":true}]}}